 22/(-77). Let f = -8 - b. What is the highest common factor of 259 and f?
37
Suppose -8*t - 2 = -9*t. Suppose 5*q = 10, 4*f + 2*q - 2 - 2 = 0. Suppose f*n = -t*n + 52. Calculate the greatest common factor of n and 26.
26
Let a be (-3 - 6) + 106 - 7. What is the greatest common divisor of a and 1920?
30
Let k(g) = g**2 - 11*g - 558. Let y be k(0). Let f be ((-11)/((-132)/y))/(3/(-2)). Suppose -2*t + 33 = -215. What is the greatest common divisor of t and f?
31
Let i(w) = -2*w**3 + w**2 - 4*w + 45. Let p be i(0). Suppose -5*b - 2*s = -3*b - 40, 3*b - s = 40. What is the highest common divisor of p and b?
15
Let t(f) = -f**3 + 5*f**2 - 4*f + 4. Let i be t(3). Let a(w) = 1388*w - 13874. Let q be a(10). Calculate the greatest common factor of q and i.
2
Let n be (-6)/18*(-54 + 6). Suppose 3*k - 72 = -3*v, 3*v + 2*v + k = 136. Let q = v - n. What is the highest common divisor of 54 and q?
6
Let w = 524 - 531. Let i(p) = 9*p**2 + 27. Let j be i(w). Calculate the highest common divisor of 52 and j.
52
Let y be (-19)/(-4) - (663/52 - 12). What is the greatest common divisor of y and 316?
4
Suppose 32*j - 42458 = 13*j + 46386. What is the highest common factor of j and 112?
28
Suppose 0 = 2*o + l - 21, 3*o - 1148*l + 1151*l = 39. What is the highest common divisor of 14312 and o?
8
Let m(r) = -7 - 3*r - 3 + 5 + 2 + 7. Let k = -18 + 13. Let v be m(k). Calculate the highest common factor of 19 and v.
19
Let r(k) = 80*k**2 - k - 3. Let b be r(-3). Let i = -3704 - -3776. What is the greatest common divisor of b and i?
72
Let f be (327/18 + 2)*(-259 + 265). Calculate the greatest common divisor of 1628 and f.
11
Let d(s) = 3*s + 62. Let y(h) = -3*h + 47. Let r be y(8). Let l = 3 - r. Let a be d(l). Calculate the highest common factor of 16 and a.
2
Let u(i) = 2*i**3 - 45*i**2 + 22*i + 24. Let t be u(22). Suppose 3*n + n = -2*d + 294, -228 = -3*n - 4*d. What is the highest common divisor of t and n?
24
Let q be (-52)/(-5) + 10/(-25). Let c be (-3)/((-6)/q)*286/65. Suppose w - 44 - c = 0. What is the greatest common factor of 99 and w?
33
Let y = 48233 - 48229. Let f be (0 - 1) + (-6)/(-2). Calculate the greatest common divisor of f and y.
2
Let l = 0 - -13. Suppose 0 = -l*w + 8*w - 2785. Let n = -233 - w. What is the highest common divisor of 36 and n?
36
Let b be (-3 + 2)*-2 + 2 - 4. Suppose f + 0*f - 2*y - 37 = b, 1 = y. Let u = -30 + f. Calculate the highest common divisor of u and 72.
9
Let n(y) = -4*y**2 + 8*y + 4. Let o be n(-3). Let w = o + 62. Suppose -w*a - 690 + 1794 = 0. Calculate the greatest common divisor of 23 and a.
23
Let h(y) = -3*y**3 - 150*y**2 + 85*y - 102. Let l be h(-51). Calculate the greatest common divisor of l and 528.
66
Let r be 3927/1275 + (-10)/125 + (-3 - -2). Suppose -5*w + 360 = 2*o, 0 = -4*w + 3*o + 175 + 136. Calculate the greatest common divisor of w and r.
2
Suppose -935*g = -1022*g + 360180. What is the greatest common divisor of g and 120?
60
Let x be ((-104)/(4/(-2)))/(-1). Let c be 1*(-13 + (83 - 2)). Let m = x + c. What is the greatest common divisor of 176 and m?
16
Let s = -110 - -70. Let p be s/16*28/(-5). Let c be (154/(-8))/(4/(-32)). What is the greatest common factor of p and c?
14
Let o be (-3)/(-27)*3*(-468)/(-52). Suppose 8*k - 10*k + 102 = 0. Calculate the highest common factor of k and o.
3
Suppose 4*o - 15268 = v, o + 4*v - 19085 = -4*o. Suppose 42*s = -1213 + o. What is the highest common factor of s and 775?
31
Suppose 30237*l = 30215*l + 19382. What is the highest common factor of 4 and l?
1
Let j be (-120)/((-16)/(-2)) + 142. Calculate the highest common factor of j and 3937.
127
Let y(b) = -b**3 - 20*b**2 - 41*b + 54. Let l be y(-18). Suppose 0 = 17*g - 18*g - 69. Let d = g + l. What is the highest common factor of 15 and d?
15
Suppose 265 = 3*s - 5*o, 452 = 5*s - 2*o + 4*o. Let r = -65 + s. Let h = -46 - -51. Calculate the highest common divisor of r and h.
5
Suppose -2*h - 189*m + 194*m = -172, 0 = 5*h + 5*m - 360. Suppose -o + a - 4*a + 16 = 0, 3*o = -4*a + 53. Calculate the highest common factor of h and o.
19
Suppose 41*q - 28728 = -31*q. What is the greatest common divisor of q and 63?
21
Suppose 269*g - 54*g + 7131 - 32071 = 0. Calculate the highest common divisor of 32 and g.
4
Suppose 6*a - u - 515 = a, 0 = a + 3*u - 119. Suppose 0 = -7*j + 251 - a. Let p be (-4)/18 + 10168/72 + 6. Calculate the greatest common factor of p and j.
21
Let a(h) = 353*h + 4684. Let d be a(-12). Calculate the highest common divisor of 252 and d.
28
Suppose 5 = -11*u + 6*u, 4*o - 2397 = 5*u. Let h = -5243 - -4816. Let r = o + h. What is the highest common divisor of 19 and r?
19
Let b be -3*-3*(-4)/(-36). Let a = 18 - 13. Suppose 2*y - 49 = a*x - 4, 4*x - 10 = -3*y. What is the highest common factor of y and b?
1
Let t be (-77)/(-14)*4/2. Let k be ((-32)/(-18))/((-518)/(-25641)). Calculate the highest common divisor of t and k.
11
Suppose -2*h + 1 = -3*h + 3*b, 23 = 5*h - b. Suppose -h*j + 72 + 153 = 0. What is the greatest common divisor of 81 and j?
9
Let q be 2 - (-20)/15*507/(-2). Let f be ((-12)/4)/(18/q). Calculate the highest common factor of 504 and f.
56
Suppose -4*x - 901*f + 905*f + 9268 = 0, 5*x + 3*f - 11641 = 0. Calculate the greatest common factor of 28 and x.
28
Suppose -5*s + 176 = -16*s. Let r be s/(-7) - (32/56)/2. What is the greatest common factor of 11 and r?
1
Let m be 34804/226 - (-1)/1*-1. Calculate the highest common factor of 561 and m.
51
Let n = -8730 - -20333. What is the highest common factor of 82 and n?
41
Suppose 4*i = 7*l - 3*l - 172, -16 = 4*i. What is the greatest common divisor of 312 and l?
39
Let a be 1*9/(-7 - 2)*-551. Calculate the greatest common factor of 171 and a.
19
Let q = 352 + -349. Suppose -q*b = b + m - 310, -2*m = 5*b - 386. Calculate the highest common factor of b and 65.
13
Suppose 43*v = 576 - 78 + 61. Let l be (-6)/(-10) + 9608/20. Calculate the highest common factor of v and l.
13
Let t = -7846 - -8263. What is the highest common divisor of t and 4448?
139
Suppose -3*v + h = -125, -3*v - 5*h = -8*v + 225. Let k be ((-2)/5)/((-2)/v). Suppose k*i - 234 = 6*i. Calculate the highest common divisor of i and 9.
9
Let x = 139 + -123. Suppose 0 = -8*c - x + 184. Let m be (-168)/5*-1*5. What is the greatest common factor of m and c?
21
Suppose 3*n = -64 - 128. Let l = -62 - n. Suppose l*c + 4*o + 17 - 233 = 0, 4*o = -3*c + 316. Calculate the greatest common factor of c and 40.
20
Let m = -6784 - -6895. What is the greatest common factor of m and 48729?
111
Let b(z) = -z**2 - 7*z + 11. Let l be b(-8). Suppose -x + 53*i = 52*i - 62, 0 = -4*x - 2*i + 218. Calculate the greatest common factor of l and x.
3
Suppose 0*p = -2*p + 156. Let d be ((p/(-4))/3)/((-11)/110). Suppose -15 - d = -x. What is the highest common factor of 10 and x?
10
Let z(y) = 8*y**2 + 233*y - 935. Let w be z(4). Calculate the highest common divisor of 4325 and w.
25
Suppose 5*n - 30 = t - 61, -2*t + 26 = 2*n. Calculate the greatest common divisor of 7984 and t.
16
Let k = -83 + 99. Let j(t) = 1 - 79*t + 38*t + 3 + 45*t + k*t**2. Let x be j(-2). What is the highest common factor of 45 and x?
15
Let y = 11000 + -7025. What is the highest common divisor of 75 and y?
75
Suppose 44530 = -694*r + 767*r. Calculate the highest common factor of r and 244.
122
Suppose -4*m + m + 60 = 0. Let o be (25/m)/((-2)/(-8)). Suppose -8*z = -62 + 22. What is the highest common divisor of o and z?
5
Let n = -6 + 13. Suppose 5*w = -3*q + 16, -q = w + 33 - 39. What is the highest common factor of n and q?
7
Let t(k) = 7*k - 23. Let g be t(-17). Let i = -85 - g. Suppose -i = -2*p - 29. Calculate the greatest common divisor of 28 and p.
14
Suppose 0 = -5*z - 2*n + 175, -3*n = -n. Suppose -t - 5 = 3*i + t, 2*i = -4*t - 14. What is the greatest common factor of z and i?
1
Suppose x = -2*x + 51. Suppose -37 = -3*z + x. Suppose 92 = 4*k + 4*t, -5*k - 2*t = -5*t - 147. What is the greatest common factor of k and z?
9
Let h = 12133 - 12113. What is the greatest common factor of h and 405?
5
Let y = 30801 + -30785. Calculate the greatest common factor of y and 14584.
8
Let q be 65*(114/15 + 2). Suppose -2*i + 5*v + 532 = 414, 4*v - 46 = -2*i. What is the highest common divisor of q and i?
39
Let o be (-1 + 1)/3 + -6*(-2951)